t common divisor of r and w?
19
Let f = -85 - -103. Let w = 6 - 0. What is the highest common factor of f and w?
6
Suppose -19*g - 25 = -20*g. What is the highest common factor of 65 and g?
5
Let v(z) be the first derivative of -z**3/3 - 3*z**2/2 + 4*z + 5. Let y be v(-3). Let j = y + 16. Calculate the highest common divisor of j and 10.
10
Suppose -416 = -22*p + 1894. Calculate the greatest common divisor of 42 and p.
21
Suppose -3*z + 259 = 2*z + c, 0 = 3*z + 4*c - 152. Suppose -h + 23 = 2*a, h = 2*a - 21 + z. What is the greatest common factor of 3 and h?
3
Suppose -2*o = -4*m + 424, 5*o - 76 - 334 = -4*m. Let i(b) = b**3 - 3*b**2 - 2*b + 21. Let x be i(3). What is the highest common factor of m and x?
15
Let m(d) be the second derivative of 5*d + 0 + 0*d**3 + 1/2*d**4 - d**2. Let f be m(-2). What is the highest common divisor of 66 and f?
22
Let c be -1 + (-9 - -4) - (-2)/1. Let w(o) = -5*o**3 + 5*o + 1. Let t be w(c). What is the greatest common factor of t and 43?
43
Suppose -16*t = -98 - 782. Let x be ((-2)/(-4))/((-1)/(-10)). What is the highest common factor of t and x?
5
Suppose 1 = 12*n + 49. Let f be (18/(-4))/((-1)/2). Let i = f - n. What is the greatest common divisor of 104 and i?
13
Suppose -3*q = 15, 0*v - 2*q - 30 = -2*v. Calculate the highest common divisor of 15 and v.
5
Suppose -5*y = -l + 351, -l + 0*l = -y - 347. Let x = l + -223. What is the greatest common factor of 82 and x?
41
Suppose -50 = 42*w - 44*w. Let j = 160 - w. Calculate the greatest common factor of j and 15.
15
Let a = 90 + -88. Let l = 17 + -14. Calculate the greatest common divisor of l and a.
1
Let h(n) = 15*n - 175. Let f be h(13). Calculate the highest common divisor of 28 and f.
4
Let a(w) be the second derivative of w**5/20 + 7*w**4/12 - 3*w**3/2 + 8*w**2 + 18*w. Let j be a(-8). What is the highest common factor of j and 6?
6
Suppose -5*p = -25, -20 = -5*v + p - 0*p. Suppose 0*s - s - 329 = -v*g, 0 = 4*g + 2*s - 266. What is the greatest common factor of 44 and g?
22
Suppose -3*t + 49 = 4*p, -5*p = -2*t - 0 + 2. What is the greatest common divisor of t and 22?
11
Let n = -18 - -65. Let s = -20 + n. Calculate the greatest common divisor of s and 297.
27
Let s be 10/(-5) - -3 - -7. Calculate the highest common factor of s and 456.
8
Suppose 16*g - g = 345. Calculate the greatest common divisor of g and 391.
23
Let d = 1139 + -1114. What is the greatest common factor of d and 1325?
25
Let v be 15/3 + 41/5*5. What is the highest common divisor of 2 and v?
2
Let i = 55 + -51. Let w be ((-7)/(-3))/(2/6). Suppose -7 = 4*u - 5*o, -5*u + 0*o + w = -o. Calculate the highest common divisor of u and i.
2
Let p(i) = 193*i**3 - 6*i**2 + 3. Let q be p(1). Calculate the greatest common factor of 70 and q.
10
Let f = 1647 + -1597. What is the greatest common factor of f and 4?
2
Suppose -a - a + 110 = 0. Let v = 15 + -16. Let t = 6 + v. Calculate the greatest common factor of a and t.
5
Suppose -3*g + 0*i = 3*i + 786, 5*i = -g - 270. Let x be g/8*(-6)/5. What is the highest common divisor of 13 and x?
13
Suppose -c = 3*j - 6*c + 10, 3*j - 40 = -5*c. Let z(r) = 10*r. Let q be 2 + -2 - -2 - -2. Let o be z(q). Calculate the greatest common divisor of o and j.
5
Let n = -1059 - -1161. What is the greatest common factor of n and 54?
6
Suppose 4*d + 0*d - 192 = -3*l, -2*d = 5*l - 96. Let o = d - 39. Calculate the highest common factor of 3 and o.
3
Let s be 1/2*(-3 + 9). Suppose -198 = -s*v - 63. What is the highest common divisor of 5 and v?
5
Suppose 0 = -5*i + 1010 + 75. Let t be 62*(-1)/(-2)*1. Calculate the greatest common divisor of i and t.
31
Let f(l) be the third derivative of l**4/12 + 2*l**3 - 28*l**2. Let r be f(-4). What is the highest common divisor of r and 8?
4
Suppose -24*p + 27 = -21*p. Let z = 45 + p. Calculate the greatest common factor of z and 270.
54
Suppose -2*a + 2*d - 531 = -1811, -3*a + 1904 = 5*d. Calculate the greatest common factor of a and 464.
58
Let p(a) = 7*a - 3. Let z be p(1). Suppose -2*y = -g - 126, 0*g - z*g + y = 490. Let l = 203 + g. What is the highest common divisor of 54 and l?
27
Let g be 77 - 1/(-2)*(4 - -2). What is the greatest common divisor of 40 and g?
40
Suppose 2*z + 2*i = z + 24, -2*i = 3*z - 76. Suppose 16*p - 1456 = 2*p. Calculate the greatest common divisor of p and z.
26
Suppose -5*h + 32 = -178. What is the greatest common divisor of h and 14?
14
Let p = -247 + 567. Calculate the highest common divisor of p and 60.
20
Let k = -23 + 35. Suppose s - 8 - k = 0. What is the greatest common factor of s and 60?
20
Let q = -9 + 7. Let f be (5/(-2) - q)*8. Let a be ((-14)/4)/(f/24). What is the highest common factor of a and 63?
21
Let w be 105/20 + 2/(-8). Suppose -w*y + 24 = -y. Let j = 98 - 56. What is the greatest common factor of j and y?
6
Let w be 3*1/2*14. Suppose -w = -2*n + 2*m + 25, -n - 4*m = 2. Suppose 0 = k, 0 = i + i - 2*k - 4. What is the highest common factor of n and i?
2
Let o = 77 - 71. Suppose -42 - o = -2*d. What is the highest common factor of d and 16?
8
Let m(n) = -7*n - 6. Let q be m(-2). Suppose 5*d = -z + 32, -3*z + 36 = q*d - 3*d. Let g = -54 + 108. What is the greatest common divisor of d and g?
6
Suppose i - 35 = 4*z - 3, 229 = 5*i + 3*z. Let k = 2693 - 2649. Calculate the highest common divisor of k and i.
44
Let v(l) = 5*l - 16. Let j be v(4). Let b be 1 + 22 + 0 - 0. Let n be 1/4 - b/(-4). What is the highest common factor of n and j?
2
Let h = -1702 + 1731. Calculate the greatest common factor of 3799 and h.
29
Let b(u) = -u**3 + 10*u**2 - 14*u + 20. Let f be b(8). What is the highest common factor of 48 and f?
12
Suppose 216 = -10*f + 14*f. What is the greatest common factor of 54 and f?
54
Suppose 5*a = -3*b - 21, 0 = -3*a - 8*b + 3*b - 19. Let o(h) = -h**3 - 2*h**2 - 2*h + 7. Let m be o(a). What is the highest common divisor of 99 and m?
11
Suppose 4*a + 22 + 50 = 2*u, -3*a = 3*u - 153. Calculate the highest common divisor of 46 and u.
46
Suppose 16 = 4*o, -2*o - 7 - 3 = -3*x. Let f(g) = -g**2 - 7*g - 1. Let i be f(-6). Suppose x = -i*h + 6*h. What is the highest common divisor of 54 and h?
6
Let j be (-12160)/(-285) - ((-8)/6 + 2). Calculate the highest common factor of j and 525.
21
Let w(d) = d**2 + 16*d + 11. Let x be w(-15). Let m be (-785)/(-20) - 3/x. Calculate the greatest common factor of 10 and m.
10
Let q be (-4)/(-2) - (67/(-1) + 4). Suppose l - 2*w + 0 = 3, 0 = l + w - 12. Suppose c - 17 = l. Calculate the highest common divisor of c and q.
13
Let r be (-1)/2 + ((-2901)/(-6) - 3). Calculate the greatest common factor of 60 and r.
60
Suppose 17*u - 3643 = 1933. Calculate the highest common factor of 410 and u.
82
Suppose -90 = -4*v + 6. Let r = -3 - -3. Let z be (33 - -3)/(r + 1). Calculate the highest common divisor of v and z.
12
Suppose 4*i - 127 = -47. Suppose -i - 28 = -3*y. What is the greatest common divisor of 32 and y?
16
Suppose -44 = -4*n + 4*y, 4*n - 6*n - 5*y + 36 = 0. Let t be (-510)/75*10/(-4). Suppose -t*a = -12*a - 585. Calculate the greatest common divisor of a and n.
13
Suppose -95 = 2*x - 7*x. Let a be ((-1)/2)/((-7)/42). Suppose -a = -h + x. What is the greatest common factor of 110 and h?
22
Suppose 0 = -5*c + 2*c + 180. Let j = -3309 - -3333. What is the greatest common divisor of j and c?
12
Suppose 2*q - 583 = 3*l, -l = -5*q - 2*l + 1449. What is the greatest common factor of q and 10?
10
Let t be ((-9)/5)/(6/(-40)). Calculate the highest common divisor of t and 1.
1
Let y = 1179 + -612. What is the greatest common divisor of y and 27?
27
Let b = -74 - -5. Let v be (b/(-6))/(3/54). What is the highest common factor of 23 and v?
23
Suppose 487 = -5*z + 562. Suppose -1 = -m + 14. What is the greatest common factor of z and m?
15
Let l(s) = 35*s. Let i be l(2). Calculate the greatest common factor of i and 14.
14
Let o(p) = -3*p - 29. Let x be o(-11). Calculate the greatest common divisor of 4 and x.
4
Let h be (11/(-22))/(1/(-208)). What is the highest common divisor of 104 and h?
104
Suppose -4*k + 8 = -3*k. Let u = -6 + k. Let o(l) = 2*l**2 + 3*l. Let x be o(u). Calculate the highest common divisor of 112 and x.
14
Suppose g + 728 = 3*o, -1210 = -0*o - 5*o + 5*g. Let s be (o/(-36))/(1/(-12)). Suppose 9 - s = -4*j. Calculate the greatest common